 4*z = -88210. Is h a composite number?
False
Let t(d) = -d**3 - 8*d**2 + 10*d + 11. Let k be t(-9). Let w be 3/2 + 0 + k/(-4). Is (w + 3 + -2)/(4/4306) a composite number?
False
Suppose 0 = 3*x - f + 3*f - 98, 0 = -4*x - 3*f + 132. Suppose 10*y + x = 16*y. Suppose -928 = -y*j + 667. Is j composite?
True
Let y(r) = 50*r**2 + 827*r + 4. Is y(5) a composite number?
True
Let d(i) = -i**3 + 10*i**2 - 15*i - 6. Let g be d(8). Suppose -5*t + 4*s = -62, 6 + 17 = g*t - s. Is 7852/t - (-5)/(-25) composite?
True
Let f(c) = -34*c**3 + 8*c**2 + 4*c + 17. Suppose 4*a = -j - 37, -2*j - 2*j - 20 = 0. Is f(a) prime?
False
Let u be ((36/15)/2)/((-8)/(-20)). Let i(v) be the first derivative of 183*v**2 - 29*v - 11. Is i(u) prime?
True
Let u(r) = 5*r**3 - 97*r**2 - 176*r - 85. Is u(48) a prime number?
True
Let i(r) = -r**3 + 131*r**2 - 230*r + 1299. Is i(124) a prime number?
False
Suppose -55*i = -53*i + 60. Let z be (-129)/(-45) - (4 + 124/i). Suppose -z*r = -2*r - 983. Is r a prime number?
True
Let u be (-8)/(-10) + (-174)/(-145). Suppose -35376 = -2*o + u*z, -3*z + 11 = -4. Is o composite?
True
Suppose -4*i + 6*i - 37352 = 2*g, 0 = -i + 3*g + 18686. Is i prime?
True
Let v = -21 - -23. Suppose 4*s - 2*s - v*m - 814 = 0, 3*m = s - 403. Is s prime?
True
Suppose -4*h - 4*u + 2169 - 425 = 0, 0 = -4*h - u + 1738. Let s be ((-19270)/141 - (-8)/(-6)) + -3. Let f = s + h. Is f a prime number?
True
Suppose -104 = -1042*u + 1016*u. Suppose -684 - 104 = -4*a. Suppose 0 = u*b + a - 7473. Is b a prime number?
False
Let t be (-4 - (-2 + -8))/2 - -2. Suppose -c + 76 = -0*c. Suppose c = t*q - 189. Is q composite?
False
Let z = -89 - -94. Suppose -z*i - 4*n + 25 = -n, 3*n = -i + 17. Is -4 - (-18)/i - -2526 a prime number?
True
Let q = -343 - -196. Let n be 3*(-2)/15*-665. Let r = q + n. Is r prime?
False
Suppose k - 1595 - 6668 = 0. Is k a composite number?
False
Let r(o) = o**2 + 12*o + 20. Let f be ((-236)/10)/2 + (-38)/190. Let z be r(f). Let p(u) = -u**3 + 23*u**2 - 19*u - 7. Is p(z) prime?
False
Suppose -4*g - 4*l = -2*g - 3098, 3*l = -2*g + 3099. Let f = g - 1062. Suppose f = z + 168. Is z composite?
True
Suppose -12*n = -32*n + 2350180. Is n prime?
False
Suppose -20 + 64 = 11*j. Suppose -4*g + k + 80286 = 0, 0*g - j*g - 4*k = -80276. Is g composite?
False
Suppose 4*k = 3*n - 0*n - 22, -3*k - 15 = -2*n. Suppose 0 = t - 3*t + n, -v + t = -4. Suppose 0*z = v*z - 98. Is z prime?
False
Let a(m) = m**3 + 2*m**2 + 4*m - 1. Let i be a(-5). Let v = i + 100. Suppose v*t = w + 747 + 745, 3*t - 2*w = 1119. Is t prime?
True
Let o(p) be the third derivative of p**5/30 + 19*p**4/24 - 2*p**3/3 + 81*p**2. Is o(15) composite?
True
Let y(i) = -18569*i - 354. Is y(-7) composite?
False
Suppose 4*r = -5*w + 71997, 5*w = -842 + 847. Is r prime?
False
Let i(x) = 4569*x**2 + 8*x - 5. Is i(2) a composite number?
False
Suppose 1009*r = 1013*r + 4*o - 1488132, -4*r - 5*o + 1488136 = 0. Is r a prime number?
False
Let n = -58048 + 83305. Is n a prime number?
False
Let g = -6717 + 14986. Is g composite?
False
Let g be (-1)/(-3) + (-156)/18*-1279. Suppose -2*o - 3*o + g = -4*f, -f + 2226 = o. Is o prime?
True
Let c(v) = 90*v**3 + 7*v**2 + 14*v. Let a be c(7). Suppose -9*k - 9378 = -a. Is k a prime number?
True
Let j(u) = 70*u**2 + 90*u + 598. Is j(-29) a composite number?
True
Let h(x) = -9615*x + 3168. Is h(-23) prime?
False
Let h be 1/((-2)/(-32)*-4). Is h - (4 - 4 - 4874) - -3 composite?
True
Suppose -2*x = -12*l + 7*l, 5*l = -5*x. Suppose 71*a - 62*a - 30663 = l. Is a composite?
False
Suppose 0 = -r + 4*z + 116627, z + 466583 = -5*r + 9*r. Is r composite?
True
Let k(z) = 7*z + 7. Let g be k(4). Let o be 3/(g/10 - 2). Suppose c = 2*s + 45, -4*c - o*s + 192 = 2*s. Is c a composite number?
False
Let t be (-178577)/(-49) + 6/(-14). Let c = 435 + t. Is c a composite number?
False
Let r be (-58)/203 - ((-5283)/(-7) + -1). Let v = 3365 + r. Is v a prime number?
False
Suppose 2*s + 5*j - 737520 = 0, -6*j - 368751 = -s - 4*j. Is s prime?
False
Suppose -2*g - 1451 - 283 = 0. Let k = 5166 - g. Is k composite?
True
Let i be (408/(-15))/(4/70). Let y = 750 + i. Is y prime?
False
Suppose 256*n - 68763 = -3*u + 259*n, -2*u = 5*n - 45800. Is u composite?
True
Let j = 48001 + -14108. Is j prime?
True
Suppose -4*k - 168*b + 2836165 = -167*b, -2*k = 5*b - 1418051. Is k a prime number?
True
Let x(u) = -u**3 + 3*u**2 + 2*u - 5. Let v be x(3). Let s be (v + -1)/(5/(-3 - -8)). Suppose b + h - 734 = s, 0*b + 3675 = 5*b + 4*h. Is b composite?
False
Let n be 405/4 + 1/(-4). Suppose 182*o - 190*o + 192 = 0. Let s = n - o. Is s prime?
False
Suppose -w - 114296 = -2*m, 16475 + 40676 = m + w. Is m composite?
False
Suppose 0*j + 1 = -o + 2*j, 0 = -4*o - j + 23. Suppose y + 58585 = o*q + 3*y, -4*y + 58595 = 5*q. Suppose 8*w = q - 3995. Is w a prime number?
False
Let c = -105669 + 189382. Is c a prime number?
False
Let b(s) = 10*s**2 + 34*s + 216. Let z(p) = -9*p**2 - 33*p - 215. Let j(r) = -6*b(r) - 7*z(r). Is j(-12) composite?
False
Suppose 5*l - 415 = 3*w, 5*w + 15*l + 729 = 14*l. Let r = w - -1296. Is r prime?
True
Let h = -32567 - -56950. Is h a composite number?
True
Let t be 6/3*-4*(3 - -38). Let b = 827 + t. Is b a prime number?
True
Let k = -178 + 183. Suppose -g = -y + 4*g + 1885, -k*g + 1845 = y. Is y composite?
True
Let f = 43088 + 19799. Is f prime?
False
Let n = -3446 - -10319. Suppose -s = -n + 1730. Is s prime?
False
Let g(l) = 1746*l - 2401. Is g(66) prime?
False
Let c be (-5 - 8)*(-1478 - -12). Let v = c + -10267. Is v a composite number?
True
Let x(p) = -113*p + 8. Let w(o) = 111*o - 8. Let y(n) = 5*w(n) + 6*x(n). Is y(-17) a prime number?
True
Suppose -15*m + 8123 = -66187. Suppose 0 = x + t - 1652, 0*x + t - m = -3*x. Is x composite?
True
Let q be 34/(-3) - (-6)/18 - -3. Let a be 26*(-2)/q*4. Is (a/13)/((-4)/(-634)) a prime number?
True
Is ((-2)/(-3))/(2/(1753587 - 42/(-7))) prime?
True
Let j(p) be the third derivative of -17*p**4/6 + p**3 - 2*p**2. Let z be 44/(-22) + (16 - 1)/(-5). Is j(z) prime?
False
Let k = 38596 - -28111. Is k prime?
False
Let g(q) = q**3 + 6*q**2 - 11*q - 23. Let j be g(-7). Suppose 0 = j*u - 2*u - 2*b - 3119, 0 = 5*u + 3*b - 5192. Is u a prime number?
True
Suppose -4*j + 11 = -3*n, -3*j = n - 3*n - 8. Suppose -j*z + 5*z = 13641. Is z a prime number?
True
Let j(b) = -285*b + 98. Is j(-5) composite?
False
Let w(z) = 4060*z - 2559. Is w(5) prime?
False
Suppose -13868 = 3*o - 193871. Is o a prime number?
False
Let d(u) = 4*u - 6. Let o(q) = q**3 + 3*q**2 - 9*q - 14. Let w be o(-4). Let i be d(w). Suppose 218 = 20*p - i*p. Is p a composite number?
False
Suppose -509633 - 537982 = -15*q. Is q a composite number?
True
Suppose 28*j - 35338092 - 424816871 = -475*j. Is j prime?
False
Is ((-34443675)/810 - (-12)/(-27))/((-3)/46) prime?
False
Suppose -c - 3*c = 16, -3*k + 1388 = c. Let p = k - -270. Is p a prime number?
False
Let h be ((-32)/(-40))/((-2)/(-15)). Let c be h/21 + 5829/7. Suppose c - 31 = y. Is y composite?
True
Let w = -44903 + 69594. Is w a prime number?
True
Suppose 19269 = 7*i - 22626. Let b = i + -1342. Is b a composite number?
False
Suppose 0 = -2*m + 5*m - 2*v - 7, 2*m - 5*v - 1 = 0. Suppose m*t = -7 - 11. Is ((-892)/t)/((-1)/3 - -1) prime?
True
Let t(x) = -7*x + 99. Let w(d) = -3*d + 49. Let n(o) = -6*t(o) + 13*w(o). Is n(-7) composite?
True
Let m = 67593 - -3284. Is m composite?
False
Let s = -62 + 44. Let y be (s/(-12))/(0 - 1/8). Let z(m) = -2*m**3 - 18*m**2 - 4*m - 5. Is z(y) composite?
False
Suppose 4*t + 4 - 28 = 0. Suppose t = l + 8. Is (l - 2 - -6)/((-4)/(-638)) prime?
False
Suppose -8*a - 8445 = -13*a. Let x = 2382 - a. Let o = 1600 - x. Is o composite?
False
Let t = -433 + 484. Suppose -2*x = -5*d - 19227, 49*d - 9616 = -x + t*d. Is x a composite number?
True
Suppose 2*l - 10 = -c, 0 = -c - 4*l + 3*l + 7. Suppose -3*i - 2053 - 3496 = -o, 22232 = c*o - 3*i. Is o composite?
True
Suppose -5*h = -2*q + 195572, 40*h - 35*h = -5*q + 488825. Is q composite?
False
Let l(v) = -4*v + 2. Let f be l(5). Let n be (4 - (-132)/f) + 4/(-6). Is 1846/(-4)*(2 + n) a composite number?
True
Let m = 5571322 - 3838875. Is m composite?
False
Let c(y) = -12662*y + 1555. Is c(-9) a prime number?
True
Suppose 54*j - 42*j = -348. Suppose 5 - 67 = -2*s. Let c = j + s. Is c a prime number?